f 2241553.
2241553
List the prime factors of 1083074.
2, 541537
What are the prime factors of 785485?
5, 17, 9241
What are the prime factors of 592164?
2, 3, 5483
What are the prime factors of 2686754?
2, 7, 191911
List the prime factors of 29355249.
3, 7, 11, 127079
What are the prime factors of 2563652?
2, 7, 13, 7043
What are the prime factors of 1246109?
157, 7937
What are the prime factors of 4641737?
1493, 3109
List the prime factors of 5537123.
73, 101, 751
What are the prime factors of 105695?
5, 21139
What are the prime factors of 1082785?
5, 11, 19687
What are the prime factors of 3443902?
2, 7, 11, 19, 107
List the prime factors of 153033.
3, 29, 1759
List the prime factors of 75196.
2, 11, 1709
List the prime factors of 3574735.
5, 714947
List the prime factors of 54042.
2, 3, 9007
What are the prime factors of 1296532?
2, 29, 11177
What are the prime factors of 116240?
2, 5, 1453
List the prime factors of 1897320.
2, 3, 5, 97, 163
What are the prime factors of 7425819?
3, 71, 11621
What are the prime factors of 11101269?
3, 3700423
List the prime factors of 165635.
5, 157, 211
What are the prime factors of 3455878?
2, 1727939
List the prime factors of 149371.
149371
What are the prime factors of 136737?
3, 15193
List the prime factors of 826270.
2, 5, 53, 1559
What are the prime factors of 532712?
2, 17, 3917
What are the prime factors of 37434?
2, 3, 17, 367
What are the prime factors of 83069?
7, 11867
List the prime factors of 393132.
2, 3, 181
List the prime factors of 9637592.
2, 1204699
What are the prime factors of 401570?
2, 5, 13, 3089
What are the prime factors of 4125902?
2, 11, 167, 1123
List the prime factors of 55528.
2, 11, 631
What are the prime factors of 244557?
3, 29, 937
What are the prime factors of 513547?
157, 3271
List the prime factors of 1540388.
2, 109, 3533
List the prime factors of 4878487.
37, 79, 1669
List the prime factors of 2580087.
3, 860029
What are the prime factors of 21269011?
211, 100801
List the prime factors of 462373.
462373
List the prime factors of 3843280.
2, 5, 7, 6863
List the prime factors of 14087910.
2, 3, 5, 29, 16193
List the prime factors of 84578.
2, 13, 3253
List the prime factors of 432697.
167, 2591
List the prime factors of 1219445.
5, 243889
What are the prime factors of 6439831?
61, 193, 547
What are the prime factors of 1474590?
2, 3, 5, 13, 19, 199
What are the prime factors of 2694495?
3, 5, 179633
List the prime factors of 159583.
53, 3011
What are the prime factors of 66706?
2, 33353
What are the prime factors of 9159371?
13, 704567
List the prime factors of 4746864.
2, 3, 98893
What are the prime factors of 3602454?
2, 3, 43, 13963
What are the prime factors of 268207?
268207
List the prime factors of 1020674.
2, 53, 9629
What are the prime factors of 23512873?
43, 313, 1747
List the prime factors of 1943467.
1943467
What are the prime factors of 3302560?
2, 5, 20641
List the prime factors of 639176.
2, 109, 733
What are the prime factors of 16275457?
11, 19, 43, 1811
List the prime factors of 3392869.
3392869
What are the prime factors of 268350?
2, 3, 5, 1789
List the prime factors of 175571.
11, 1451
List the prime factors of 193258.
2, 13, 7433
What are the prime factors of 5802086?
2, 2901043
List the prime factors of 397245.
3, 5, 71, 373
List the prime factors of 51320.
2, 5, 1283
What are the prime factors of 5478129?
3, 29, 139, 151
What are the prime factors of 1039716?
2, 3, 3209
What are the prime factors of 87797?
87797
What are the prime factors of 2431589?
2431589
List the prime factors of 2491467.
3, 11, 103, 733
List the prime factors of 121781.
11, 11071
What are the prime factors of 280168?
2, 7, 5003
List the prime factors of 4650361.
1973, 2357
What are the prime factors of 1033397?
257, 4021
List the prime factors of 283675.
5, 7, 1621
List the prime factors of 148459.
31, 4789
List the prime factors of 571670.
2, 5, 11, 5197
What are the prime factors of 4430273?
4430273
List the prime factors of 211211.
7, 11, 13, 211
What are the prime factors of 202958?
2, 7, 19, 109
List the prime factors of 12913366.
2, 89, 72547
What are the prime factors of 28241209?
53, 532853
List the prime factors of 5432442.
2, 3, 19, 47653
What are the prime factors of 18930946?
2, 9465473
What are the prime factors of 175014?
2, 3, 7, 463
What are the prime factors of 246790?
2, 5, 23, 29, 37
List the prime factors of 83149.
11, 7559
What are the prime factors of 298649?
13, 22973
What are the prime factors of 501593?
501593
What are the prime factors of 404969?
404969
What are the prime factors of 128158?
2, 139, 461
What are the prime factors of 956024?
2, 119503
List the prime factors of 210772.
2, 23, 29, 79
List the prime factors of 4385194.
2, 11, 47, 4241
List the prime factors of 5612066.
2, 151, 18583
What are the prime factors of 3802162?
2, 7, 13, 1607
What are the prime factors of 100553?
193, 521
What are the prime factors of 37367299?
37, 1009927
List the prime factors of 174527.
174527
What are the prime factors of 531461?
7, 23, 3301
What are the prime factors of 854922?
2, 3, 37, 3851
List the prime factors of 6582956.
2, 43, 38273
List the prime factors of 3896245.
5, 779249
What are the prime factors of 6656378?
2, 113, 29453
List the prime factors of 14276504.
2, 11, 53, 3061
List the prime factors of 467813.
467813
List the prime factors of 490796.
2, 29, 4231
List the prime factors of 23246484.
2, 3, 1937207
What are the prime factors of 202916?
2, 7, 7247
List the prime factors of 371668.
2, 11, 8447
What are the prime factors of 287800?
2, 5, 1439
What are the prime factors of 10308638?
2, 1103, 4673
What are the prime factors of 205921?
17, 12113
List the prime factors of 34905.
3, 5, 13, 179
What are the prime factors of 522362?
2, 139, 1879
List the prime factors of 649397.
7, 29, 457
What are the prime factors of 1510232?
2, 188779
List the prime factors of 3988400.
2, 5, 13, 59
What are the prime factors of 8077?
41, 197
List the prime factors of 2485536.
2, 3, 17, 1523
What are the prime factors of 2525898?
2, 3, 19, 22157
List the prime factors of 2992514.
2, 7, 213751
What are the prime factors of 1666319?
19, 87701
What are the prime factors of 35651490?
2, 3, 5, 7, 169769
List the prime factors of 969343.
969343
What are the prime factors of 9777999?
3, 7, 11, 6047
What are the prime factors of 27119778?
2, 3, 7, 41, 15749
List the prime factors of 406971.
3, 15073
What are the prime factors of 129494?
2, 64747
List the prime factors of 2511205.
5, 359, 1399
What are the prime factors of 308818?
2, 154409
What are the prime factors of 3207381?
3, 1069127
List the prime factors of 32587335.
3, 5, 11, 43, 1531
What are the prime factors of 4357524?
2, 3, 173, 2099
List the prime factors of 53811.
3, 1993
What are the prime factors of 17640345?
3, 5, 1176023
List the prime factors of 243717.
3, 81239
What are the prime factors of 426065?
5, 85213
List the prime factors of 1294677.
3, 47951
What are the prime factors of 8944475?
5, 357779
List the prime factors of 1929665.
5, 41, 9413
What are the prime factors of 89136?
2, 3, 619
What are the prime factors of 20718263?
59, 351157
List the prime factors of 455715.
3, 5, 13, 19, 41
What are the prime factors of 24729784?
2, 23, 134401
List the prime factors of 887443.
181, 4903
What are the prime factors of 71800?
2, 5, 359
What are the prime factors of 147770?
2, 5, 7, 2111
List the prime factors of 260446.
2, 130223
What are the prime factors of 830043?
3, 92227
List the prime factors of 2625462.
2, 3, 7, 67, 311
What are the prime factors of 262596?
2, 3, 79, 277
What are the prime factors of 601243?
23, 26141
List the prime factors of 2676846.
2, 3, 446141
What are the prime factors of 11047904?
2, 7, 31, 37, 43
List the prime factors of 718197.
3, 41, 5839
List the prime factors of 412213.
412213
List the prime factors of 391587.
3, 7, 29, 643
What are the prime factors of 1451709?
3, 7, 7681
List the prime factors of 958183.
958183
List the prime factors of 11701611.
3, 433393
List the prime factors of 38873571.
3, 11, 1177987
List the prime factors of 4375848.
2, 3, 41, 4447
What are the prime factors of 30528?
2, 3, 53
What are the prime factors of 789271?
7, 47, 2399
Wha